hird derivative of -c**6/120 - c**5/5 + 3*c**4/8 - c**3/6 + 11*c**2. Let t be h(-13). Let k = 73 - t. Is k composite?
True
Let a(m) = 19*m**3 + m**2 - 3*m - 4. Let b be a(4). Let q = 3189 - b. Is q a composite number?
False
Is ((-970382)/(-42))/((42/(-18))/(-7)) a prime number?
True
Let p(b) be the third derivative of -b**5/60 + b**4/3 - 13*b**3/6 - 15*b**2. Let z be p(7). Let u(c) = 77*c**2 + 7*c + 31. Is u(z) prime?
False
Suppose -31*a = -30*a - 8491. Let y = a - 674. Is y a composite number?
False
Let j(z) = -155230*z - 441. Is j(-20) prime?
True
Suppose 4*p + 66 = 78. Is (-430269)/(-98)*p/(18/8) a prime number?
False
Suppose 0*f - f + 2*i = 38, 4*f + i = -161. Let d = 52 + f. Suppose -7*r = -d*r + 3845. Is r prime?
True
Suppose 16*b - 127 - 81 = 0. Suppose -7*z - 14898 = -b*z. Is z a composite number?
True
Let l = 1039 + -625. Let a = l + -272. Is a a prime number?
False
Let z = -2344338 + 3408761. Is z prime?
False
Let m(f) = 9*f**2 - 3*f + 2. Let d(j) = 8*j**2 - 2*j + 1. Let o(u) = 4*d(u) - 3*m(u). Let s be o(1). Let z(l) = 12*l + 19. Is z(s) composite?
False
Let q = 31539 + 44492. Is q prime?
True
Let o(w) = -w**3 + 5*w**2 - 9*w + 53. Let f be o(5). Is f/10 - (-192775)/125 a prime number?
True
Let p be -18 - 12/(-3) - -3. Let s(j) = -110*j + 45. Is s(p) prime?
False
Suppose 3*n = 5*f - 1731, -7*n + 2*n = -2*f + 700. Let s = 266 + -120. Let a = f - s. Is a prime?
True
Let h = 127165 - 89334. Is h composite?
False
Let p(g) = 3381*g**2 - 10*g + 24. Is p(5) composite?
False
Suppose -131*n = -121143101 + 67656118 - 195710256. Is n prime?
True
Let h be -21*(2 - 20/3 - -3). Suppose -15 = 4*v - h. Suppose v*j + 8*j = 2405. Is j prime?
False
Let v(n) = 8*n**2 - 2. Let o be v(-1). Suppose 0 = -2*a + 3*d - o, 2*d + 7 = a + 3*d. Suppose s - 5 = 0, -2*u + 0*u + 6557 = a*s. Is u composite?
False
Let d = -68 + 72. Suppose d*s - 43226 = 5*j + 21135, -3*s - 3*j = -48291. Suppose -5*a - 4*t = -s - 2863, -5*t = 10. Is a a prime number?
True
Suppose -3*j - 9*j + 38448 = 0. Suppose 967 - j = -w. Is w composite?
False
Let a = -323137 - -622906. Is a composite?
True
Suppose 3*x - 4*y - 342678 = 198272, -360645 = -2*x + y. Is x prime?
False
Let n = -892 - -257. Suppose -22*w - 4250 = 4814. Let f = w - n. Is f composite?
False
Let r be 3 - (0/((-12)/(-4)))/1. Suppose r*b - 901 = 332. Is b a composite number?
True
Suppose -3*q - 5*x = -36684, 4*q = 4*x + 14508 + 34404. Suppose q = 4*s + 1408. Let c = 314 + s. Is c prime?
True
Let l(k) = -k**2 + 10*k - 4. Let r be l(5). Let x(w) = -r + 40 + 135*w + 40*w. Is x(10) a composite number?
True
Suppose 5*p = -2*r + 804575, -2*p + 184874 = -3*r - 136937. Is p a prime number?
False
Let l = -154054 + 311027. Is l prime?
False
Suppose 3*u = -4*b + 10368, -5*u + 7 = -13. Let k = b - -17422. Is k a prime number?
True
Let r = -168991 + 675788. Is r a composite number?
False
Let b = 145051 + -81604. Is b composite?
True
Suppose -4*x + 15 = 3*l - 0*l, 0 = -3*x + 5*l - 25. Suppose -4*m + 4*o + 41512 = x, 3*o + 20756 = 2*m + 2*o. Is m a prime number?
False
Suppose -14*f = -8*f - 36516. Is (f/6 + -2)/(7/147) a prime number?
False
Let o(k) = -2401 + 4*k**2 + 2369 + 11*k**2. Is o(7) a composite number?
True
Let j(z) = 1321*z - 56. Let c be j(-3). Let u = c - -10092. Is u composite?
False
Let p = -18000 - -25596. Let a = p - 2545. Is a a prime number?
True
Let m(g) = -1108*g + 1989. Is m(-4) a prime number?
True
Let x(s) = 6*s**2 - 27*s - 55. Let l be 45*4/(-6) - -6. Is x(l) a composite number?
False
Suppose -6*k + 7*k - 4*q = -7200, 4*k = -4*q - 28840. Let w = -154 - k. Is w a prime number?
False
Suppose -72*h + 67*h + 4*t + 2846661 = 0, -4*t + 1138642 = 2*h. Is h a composite number?
True
Let t = -368 + 218. Is ((-137670)/t + (-4)/(-10))*5 composite?
False
Suppose 8*d - 197 - 355 = 0. Let w = -64 + d. Suppose 4*g + 5*s + 0*s - 15152 = 0, -4*s = w*g - 18949. Is g composite?
False
Let b(j) = 178*j**2 + 14*j + 13. Let v be b(-9). Suppose -i = 4*h - 3*h - v, -2*h = -2*i - 28618. Let f = -4340 + h. Is f prime?
True
Let l = 463696 + -264155. Is l a prime number?
False
Let m be 6 - 56/16*4/7. Suppose -3*b = -3, m*b + 2153 = 5*x + 2*b. Is x a prime number?
True
Let p = 254 + -261. Is 8889/5 - 8*p/(-70) prime?
True
Suppose u - 2 = j, 2*u + 18 + 2 = -4*j. Is 42426/(-9)*((-1)/u + -2) a prime number?
False
Suppose 0 = -2*v - 4*l + 100, 5*v = 3*v + 5*l + 127. Let n = v + -56. Suppose 0 = -3*m - 2*m + 3*d + 5770, n = -4*m + 2*d + 4614. Is m a composite number?
False
Let o = -3757 - -7579. Is o/12 - 6/(-12) prime?
False
Let x = -714 - -408. Let z = 2126 - 1594. Let r = x + z. Is r prime?
False
Let m(y) = y**2 - 22*y - 47. Suppose -13*w + 16*w = 69. Let r be m(w). Is r/(-120) - (-6729)/5 a composite number?
True
Suppose -p - 5*p = -2034. Let c = 1260 - p. Is c a composite number?
True
Let v(d) = -182237*d**3 - 3*d**2 - 4*d - 1. Let n be v(-1). Suppose -n = -2*o - 9*o. Is o prime?
True
Let k(o) = -2*o**2 + o - 10. Let g(b) = -b**3 + b**2 - b. Let i(f) = -2*g(f) - k(f). Is i(5) a prime number?
False
Let g = 134 + -127. Suppose -g*j - 6*j + 17693 = 0. Is j a composite number?
False
Let r(n) = 1441*n**2 + 27*n + 96. Let z be r(-7). Suppose -7*v + 87775 = -z. Is v prime?
True
Suppose 10*z + 48 = 26*z. Suppose 4*t = z*t - 3*w + 3805, -3*t + 2*w + 11393 = 0. Is t a composite number?
True
Let x(u) = -3703*u - 19. Let b be x(-2). Suppose -2*k + 3*k + 2*c = 0, 5*c = -5*k. Suppose 5*w - 2*m = 9251, k = 4*w + 5*m - 2*m - b. Is w a prime number?
False
Let c(h) = 54*h**2 - 81*h + 2072. Is c(27) prime?
True
Suppose 11036210 + 307133 = 73*i - 621576. Is i prime?
False
Let o(y) = 3957*y - 308. Is o(3) prime?
False
Suppose 33*x = 38*x - 25. Let a(h) = 402*h - 3. Let d be a(x). Suppose -654 + d = 3*f. Is f a composite number?
True
Let h be (-296996)/(-63) - (2 - 32/18). Let f = 3392 - 6133. Let r = h + f. Is r a composite number?
False
Let v(z) = z**2 + 3*z - 29. Suppose f = 2 - 9. Let s be v(f). Is (1502/4 - -3) + s/(-2) composite?
False
Let f(y) = -125*y - 1049. Is f(-11) a composite number?
True
Suppose 0 = 3*j + 2*j + f - 132195, -4*j - 4*f = -105740. Suppose -j = 3*i - 11*i. Is i composite?
True
Suppose -37*r + 35*r - 501073 = -5*g, 0 = -4*g + 2*r + 400862. Is g composite?
True
Let n(o) = 4*o - 13. Let c be n(4). Suppose 0 = 3*r, c*r = 3*u + 2*r - 12. Is (4/((-32)/u))/(2/(-11068)) prime?
True
Let i = 270128 - 100827. Is i prime?
False
Let z(b) = b**3 - 8*b**2 - 10*b + 12. Let t be z(9). Let h(a) = -1 + 19*a**2 + a**t - a - 2 - 3 + 4*a. Is h(-17) composite?
False
Let m(y) = 2*y**2 + 44*y - 1179. Is m(-91) a prime number?
False
Suppose -184*q = -194*q + 162910. Is q a composite number?
True
Let v(d) = 621*d - 1801. Is v(63) prime?
False
Let t(y) be the third derivative of -182*y**4/3 - 10*y**3/3 - 20*y**2. Let p be t(-9). Is ((-6)/12)/((-2)/p) composite?
False
Let t = -213 + 213. Suppose -5*x - 1420 + 9275 = t. Is x composite?
False
Let j(n) = -39*n - 28 + 31*n**2 + 22*n + 18*n**2 - n**2. Let s be j(18). Suppose -5*v + 39793 = s. Is v composite?
True
Let o(f) be the first derivative of 38*f**3/3 - 2*f**2 + 17*f - 6. Is o(-7) composite?
False
Let l(h) = h + 5. Let f be l(11). Let k = f - 76. Let b = 317 + k. Is b a prime number?
True
Let s = 202 - 94. Is 21884*(s/(-16) - -7) composite?
False
Let k be 6/(-28)*-65778 + 74/(-259). Suppose -k = -5*r + 11*n - 6*n, 2819 = r + 5*n. Is r composite?
False
Let v(l) = 10*l + 4. Let i be v(3). Suppose x - i = -3*k, -4*x - 85 = -0*k - 5*k. Let d(h) = 3*h + 32. Is d(k) a composite number?
False
Let v be (-2020)/(-40) + 2/(-4). Suppose 45*g + 20110 = v*g. Is g a prime number?
False
Let h(f) = -340*f + 12003. Is h(0) a composite number?
True
Suppose t - 6 = -8. Let i be t - (15063/(-21) + 4/14). Let s = i - -496. Is s a composite number?
True
Suppose d - 100 = 5*d. Suppose 2*o - 2 = 2, w + o = -36. Let z = d - w. Is z composite?
False
Suppose -4*q + 26*q = 1836362. Is q prime?
True
Let x = -2336 - -5006. Suppose -5*c - 4*o = -76, 14*c = 12*c - o + 31. Suppose c*v = 11714 + x. Is v a composite number?
True
Suppose 17*z = -34*z - 108*z + 13297647. Is z a prime number?
False
Let v(y) = -634*y**2 - 15*y + 19. Let n be v(9). Is n/15*12/(-8) a prime number?
True
Suppose 4*l + 0*l = g + 8490, -17008 = 2*g - l. Let y = -4945 - g. Is y